 -6 + -4 + 5?
-20
What is -7 - (0 + -1) - (-1174 - -1146)?
22
What is the value of 9 + (-2 - -16 - 21 - -8)?
10
11 + 2 + 4 + -5
12
What is -105 + 99 - (-10 - 0)?
4
Calculate -21 - (-1 + -1 - (15 + -59 + 35)).
-28
Evaluate -2 - (-2 + -4) - (-18 - -13 - 2).
11
-10 - ((10 - 20) + 25)
-25
What is -13 + 11 + (0 - 8) + -2?
-12
7 + (16 - 10) + -4 + (1 - 0)
10
Evaluate (6 - 17) + -15 + 13 + (0 - -5).
-8
Evaluate 14 - 14 - 1 - 4 - (7 - 0).
-12
What is the value of (34 - 20) + 4 - 8?
10
(1 - (-13 - -26)) + 21
9
What is the value of (31 + -54 - -36) + (-2 - -7)?
18
What is the value of 5 - ((-22 - -48) + -1)?
-20
-92 - -102 - (0 + (4 - -21))
-15
Evaluate (-1 - 7) + -14 + 29.
7
What is the value of -1 + -16 - (0 + 15 + -6 + -14)?
-12
What is 4 + (-13 - -29) + -12 + -20?
-12
Evaluate (-8 - -10 - 23) + (-2 - (1 - 0)).
-24
-7 - (-40 - -34) - ((3 - 2) + 8)
-10
Evaluate 3 + -6 + (42 - 42).
-3
Evaluate 3 - (-44 - -42 - (-23 - (1 + -2))).
-17
What is 3 + -2 - (-18 + -1 + 133 + -124)?
11
-58 + 50 - (2 - (1 + 8))
-1
Evaluate 4 - (-11 + 4 - -14).
-3
Calculate (-1104 - -1123) + -1 + -31.
-13
Calculate -9 - ((-5 - (6 - (-3 + 7))) + 2).
-4
Evaluate (-14 - -12) + 3 + 1 + -6.
-4
Calculate -4 - (-20 + 25 + -12 + 3) - 4.
-4
Evaluate -2 + 2 - (-2 - -6) - -1.
-3
What is the value of 5 + 15 + -36 + 33?
17
(-8 - (24 + -26)) + (1 - (9 - 1))
-13
Evaluate 0 + (14 + -6 - (7 - 4)).
5
Evaluate -6 - ((-14 - -1) + 21 + (0 - 2)).
-12
Evaluate 1 + -10 + 1 - (7 - (-19 + 21)).
-13
Evaluate (14 - (13 + -12)) + -24.
-11
Calculate -8 + (-28 - (-2 - 3)) - (-4 - 2).
-25
What is the value of (13 - (9 + -9 - 10)) + (8 - 12)?
19
What is 44 + -48 - ((0 - 3) + 1 - 1)?
-1
What is 5 - (16 + -13 + 8 - (-1 + 6))?
-1
What is the value of (-3 - 26) + (38 - -20)?
29
What is 8 + (-21 - -27 - 52 - (-5 + -1))?
-32
Evaluate 12 + 0 + -5 + (-2 - 5) - 3.
-3
Calculate -15 + 45 + -14 + -11 + 22.
27
(110 - 77) + (-29 - -1)
5
-3 + -1 + (1 - (3 + 0 + -1))
-5
Calculate -13 + (-14 - (2 + -20)).
-9
What is -13 + (13 - -18) + -10?
8
Evaluate (-25 - (17 - 28) - (-3 + 4)) + -2.
-17
Evaluate -33 + 42 - (-46 + 79).
-24
Evaluate -14 - -9 - (2 + (-3 - (0 - -7))).
3
Evaluate (22 + -4 - 16) + 6.
8
Evaluate (1 - 0) + 17 + -22.
-4
What is -20 + 5 + -14 + 15?
-14
What is the value of -29 + (-30 - (-23 + -17))?
-19
What is the value of 132 + -125 + (2 - 2)?
7
(-3 - (-21 + 14)) + 3
7
Calculate (1 - (-8 + 6) - -6) + 3.
12
What is 3 + -26 + (-28 - -40)?
-11
19 + (-4 - (-27 + 23 + -2 + -1))
22
(10 - 19) + 17 + 0 + (-24 - -2)
-14
(-26 + 20 - ((-5 - 0) + 1)) + 1
-1
What is the value of -1 + -6 + 12 + -11?
-6
-7 + (84 - 93) + 12 + -2 + 26
20
What is the value of 5 + -4 + 1 + 7 - -1?
10
Evaluate -9 + (4 - -2) - (-14 + 2 + 7).
2
What is -16 + (-3 - -13) + -2?
-8
What is -35 - (-44 + (10 - -6))?
-7
What is 39 + (-25 - 23) - 24?
-33
What is the value of 52 + (-60 - -15) - 4?
3
Calculate 52 + (-52 - -3) - (-1 - -26).
-22
Calculate -42 - (-17 + 1 - 11).
-15
Calculate -25 + 2 + (-13 - (-41 + 24)).
-19
-165 + 154 + (31 - 0) - (7 - 0)
13
-11 + 13 + -13 + 9
-2
Calculate (-1 + 20 - 20) + 17 + -2 - 3.
11
What is the value of -49 - -45 - ((-4 - -4) + -17)?
13
Evaluate -14 + 0 + 10 + 0 + 18.
14
What is -5 + (25 + -2 - 17)?
1
What is the value of 17 + (-17 - (-5 + -3))?
8
Calculate 83 + -53 - (-3 + 26).
7
-4 + -5 + (0 - -2) + -1 + 4
-4
What is 15 - (-1 - (-10 + 5) - 7)?
18
Evaluate (40 - 83) + 44 + -23.
-22
Evaluate 9 + -155 + 137 + -6 + -1.
-16
What is the value of 8 - (9 - 1 - 4) - 12?
-8
Calculate (-10 - 7) + 17 + (6 - -2).
8
Calculate (-1 - 2) + (0 - -10) - (-201 + 197).
11
Evaluate (-8 - (-2 - 6 - (-23 - -22))) + 2.
1
Evaluate 13 + (-12 + 9 + 13 - (-10 - -29)).
4
What is the value of -4 + -19 + 31 + 14?
22
-4 - (6 + (-6 - -13))
-17
-17 + (-9 - -17 - -11)
2
Calculate -5 + 1 + 1005 + -984.
17
Calculate (-12 - (9 + -37 + 10)) + 0 + 0.
6
What is (-17 - 18) + 10 - 10?
-35
-119 + 116 + 17 + (1 - -2)
17
What is -23 + 46 - (0 - 2 - (-24 - -18))?
19
What is 30 + (-14 - (36 - 5))?
-15
What is -188 + 196 - (3 + -1 - 5)?
11
What is -15 - (22 - 24 - (7 - -1))?
-5
What is the value of (-40 - (-18 - 28)) + 26?
32
What is the value of 9 + -21 + -14 + 6 + 1 + -1?
-20
What is the value of -14 + 3 + 12 - (1 - -10 - 0)?
-10
Calculate 0 + -2 + -5 - (-47 - -45).
-5
-22 + 20 + (-1 - -3) + -3
-3
Evaluate 20 - (4 - (-8 - (-6 + 5))).
9
Calculate 7 - (13 + 10 + -30 + (2 - -24)).
-12
What is the value of -1776 + 1808 + 8 + -5 + 1 + 1?
37
Evaluate 10 + (-1 - (-5 + 5)).
9
-12 + (19 - 13 - -13) - 33
-26
Evaluate 94 + -105 - (-14 - (-5 - -2)).
0
Calculate 1 + (-9 - (-14 - 14)).
20
(2 + -2 - -12) + (3058 - 3065)
5
Calculate -13 + (-3 - -3) + -4 + (-4 - -10).
-11
20 - 21 - ((3 - -15) + -6)
-13
Calculate 28 - (22 - 36) - 24.
18
(3 - 3) + -34 + (-155 - -163)
-26
Evaluate 0 - (13 + (-3 - (0 + (2 - 1)))).
-9
What is the value of 8 + -2 + -2 + (-9 - 1)?
-6
What is (66 - 76) + (1 - 10)?
-19
Calculate 13 + 3 - 12 - (0 - 6).
10
Evaluate -1 - (4 + 10 - 12 - 22).
19
What is -27 - (-28 + -4) - (4 + (0 - -1))?
0
(-19 - -1) + 136 + -125
-7
Calculate -17 - (0 - (-33 - -70)).
20
Evaluate (108 - 91) + (-6 - 3).
8
Calculate 9 + 1 - (74 - (170 + -78)).
28
Calculate -15 - (16 + -14 + -34).
17
Evaluate (-15 - (2 - 8)) + (17 - -11) + 8.
27
Calculate -2 + 0 + -14 + 1 + -1 + 7.
-9
Calculate -9 - (-11 + 12 + -1).
-9
Evaluate (76 - 75) + (2 - 3) + 0 + 9.
9
Evaluate (7 - 5 - 11) + 14.
5
What is -4 - (3 - 7) - (-5 + -2 - -14)?
-7
What is the value of -1 + 3 - -9 - (-85 + 86)?
10
What is the value of -9 + (28 + -62 - -5)?
-38
Evaluate 1 + 14 - (-10 - (-48 + 37)).
14
-3 + (5 - (4 - 6) - 21 - 0)
-17
What is (-37 - -27) + -7 + -1?
-18
Calculate 9 + (15 - 14) - 15.
-5
-1 + (191 + -203 - (-1 + -14))
2
What is the value of -2 + (-4 - 4) + 21?
11
What is the value of -3 - -9 - (0 - (15 - 7))?
14
What is -108 + 100 + (0 - (-19 - -1))?
10
Evaluate (264 - 295) + 1 + 28.
-2
-6 - (4 - 6) - (11 + -29 + 13)
1
What is the value of -15 + (1 - (7 + -16 + 4))?
-9
33 - (66 - 4 - 22)
-7
-1 - -1 - (-122 - -105)
17
-56 + 34 - (-2 - 21)
1
Evaluate (-2 - (-3 - -4)) + 5 + -3 + 1.
0
-4 + (-5 - -6 - (-5 + -3))
5
What is the value of -4 - -1 - -2 - (-346 - -358)?
-13
What is -8 + -3 - (-9 - (3 - -14))?
15
What is 20 + -15 + -9 - (0 + 6)?
-10
What is -17 + 25 + -8 + 2?
2
What is the value of 11 + (9 + -11 - 2) + 11?
18
What is the value of -21 + (54 - (35 - 16))?
14
-13 + (19 - (-7 + 4)) + 13
22
What is 39 - 24 - (33 - 3)?
-15
What is -5 - (0 - 1) - -11 - (-6 - -4)?
9
What is the value of -37 + 34 + -5 - (-20 - 1)?
13
-9 - (-77 - -28 - -77)
-37
What is the value of (7 - 15) + 8 + (0 - 4) - -15?
11
Calculate -5 + 35 - 28 - (11 - 1).
-8
Calculate 7 + 1 + (-33 - -33) + (1 - -1).
10
Calculate -10 + (80 - 77) + (-5 - 2).
-14
Evaluate (17 - 4) + (98 - 124).
-13
What is the value of -3 + 2 + -2 + -10 + 14?
1
-5 - (10 + (-1 - (2 - -4)))
-8
What is (-17 - -3) + (-7 - 0) + 13 + -8?
-16
What is the value of (14 - 22) + 2 + 1 + 1 + 1?
-3
Calculate 41 + -33 - -6 - 13.
1
What is -40 + -28 + 25 + 27?
-16
Evaluate 6 - -3 - (0 + (7 - 1)).
3
What is the value of -14 + (44 + -51 - (-14 + 1))?
-8
What is the value of (7 + -2 - -7) + -5 + (3 - -3)?
13
Evaluate 10 - (1 + 20 - 1) - -2.
-8
What is the value of (-5 + 8 - (10 + -19)) + -6?
6
3 + 7 + -37 + 21
-6
0 - (5 + -5 + -6 + 3 + 4)
-1
What is the value of 0 + 3 + -3 + -255 + 242?
-13
9 - (3 + -2) - (1 + -7 + 3)
11
3 + (13 - 1) - 12
3
What is the value of 6 + (11 - (38 + 1)) + 0 + 7?
-15
Evaluate (15 - (24 - 29)) + 6.
26
0 + (-14 - -3) + -8 + 20
1
What is the value of 7 + 3 - (-185 - -183 - (2 + 2))?
16
Calculate 9 + 2 + -19 + 13 - (0 - -3).
2
What is the value of -5 + 7 - (11 + -17)?
8
(-41 - (-24 - 9)) + -15 + 1
-22
What is the value of -21 - (7 + (-5 - -3) + -5 + 0)?
-21
Calculate 0 - 7 - -6 - -1.
0
What is the value of 1 + (11 + 1 - 3) - 8?
2
Evaluate (1 - 2) + (-6 - (-10 - -1 - -11)).
-9
What is -4 + -3 + -1 + (0 - -1) + -2?
-9
What is 42 + 8 + -22 - 52?
-24
Calculate (0 - (5 - 9) - -4) + 2.
10
Evaluate -5 + (14 - 10 - 10).
-11
What is the value of -7 - -16 - (-5 - -16 - 13)?
11
What is the value of -12 + -5 + 6 + -1 - -1?
-11
Evaluate 88 - 82 - (-1 + 0 + -2).
9
Evaluate 15 + -27 + (7 - -8).
3
What is (9 - 44) + 4 + 11 + 9?
-11
What is the value of (5 - 7) + (-1 - 3) + 6 + -6?
-6
What is the value o